3
Calculate -2 + 1 + 21 + -14.
6
Evaluate 3 - (5 - -1) - -3.
0
Evaluate -20 + 23 + (-2 - (1 - 0)).
0
Calculate (-1 + -4 - -1) + 2.
-2
Calculate -10 - (-2 + (-2 - 1)).
-5
Calculate (1 - 3) + 11 + -8 + -1.
0
Calculate -4 + (-1 - -1) - (1 - 1).
-4
Calculate 8 + (-10 - (-14 - -6)).
6
Evaluate 7 - (3 - (-5 + 7)).
6
What is the value of 9 - ((7 - 1 - 12) + 11)?
4
What is the value of 11 + -3 + -7 - (7 - 1)?
-5
Evaluate 3 + (5 - 2) + -6 + 2.
2
What is the value of (-12 - (-4 - 1)) + (12 - 12)?
-7
Evaluate -3 + 3 + (-5 - -5) - 4.
-4
What is -3 - (-1 + 2 + (-4 - -3))?
-3
Calculate (5 - 7) + (-6 - -3 - -1).
-4
Evaluate 3 - (4 - (0 - 1)).
-2
Evaluate -1 + -8 - (-13 + 0).
4
16 - (15 - (3 - -1))
5
Calculate -2 + (-6 - -11) + -5.
-2
What is 6 + 4 + -3 + (-24 - -17)?
0
-1 + (1 - 2 - 0)
-2
Evaluate 2 + -1 - (-9 - -13).
-3
Calculate -68 + 76 - (1 - -11).
-4
Evaluate -3 + 3 + -1 + (6 - 2).
3
Calculate -9 + 5 + -4 - -3.
-5
What is -9 + 13 + (0 - 4)?
0
What is -10 + 10 - (3 - 0)?
-3
What is -7 + -1 + 8 + (23 - 31)?
-8
Evaluate -20 - -1 - -15 - (1 + 0).
-5
What is the value of 0 + -9 - (-6 + (-4 - -7))?
-6
Calculate (-1 - -1) + 0 + (1 - 2).
-1
What is 0 - 4 - (53 - 63)?
6
What is the value of 9 + (6 - 1) + -9?
5
1 + -1 + 3 + -3 - 1
-1
15 - 10 - (2 + -3 + 2)
4
-8 + (20 + -6 - 16)
-10
What is the value of (3 - (-2 - 5 - -5)) + 1?
6
What is 0 - (3 + -1 - 3) - 1?
0
What is the value of (9 - (10 + 3)) + (2 - 6)?
-8
What is the value of -1 + (-1 - (4 + -8))?
2
What is the value of (-9 - (-6 - -2)) + 4 - 6?
-7
-5 + 1 + (-4 - -8)
0
Evaluate -1 + (5 - 3 - 6 - -2).
-3
4 - (1 + 0) - 5
-2
Evaluate (10 - 5 - -2) + -11.
-4
11 - (-6 + 13 - 2) - 10
-4
(4 - 2 - (1 + 2)) + -2
-3
Evaluate -15 - 1 - (23 - 32).
-7
What is 1 - -7 - 3 - (-16 + 21)?
0
What is the value of -6 + -6 + (2 - 5 - -10)?
-5
Calculate 3 - (1 + (-5 - -3)).
4
What is -4 - -5 - (1 + 1)?
-1
What is the value of 4 + 1 + 2 + -1?
6
3 - (-2 + 6 + 4 + -1)
-4
What is -4 - (0 + 4) - -9?
1
Evaluate 1 - -1 - (8 + -10).
4
Calculate -30 - -23 - (-4 + 0) - 5.
-8
What is (-5 - 3) + 9 + 4?
5
Evaluate (-6 - 1 - -2) + 6 + 5.
6
Calculate -2 + 15 - 20 - -3.
-4
Evaluate 5 + -2 + 8 + -12 + 6.
5
Evaluate (8 - (2 - -13)) + 10.
3
Evaluate 2 - (-16 + 9) - 10.
-1
What is the value of 5 + -6 + -6 + 6 - 0?
-1
What is 4 + (-2 - (-14 + 7)) + -6?
3
-10 + -1 + (-263 - -271)
-3
14 - ((-1 - -19) + -11)
7
What is the value of 13 + -10 + -11 + 1?
-7
What is the value of 1 - ((4 - (0 + -7)) + -7)?
-3
-2 - 2 - (-31 + 21)
6
What is the value of 15 + 7 + -8 + -6?
8
Calculate -2 - (-11 - (-4 + -3)).
2
Evaluate 5 - (-7 + 2 - -5 - -10).
-5
Evaluate -7 + (16 + -8 - 1) + -8.
-8
Evaluate 2 + -3 - (5 - 9).
3
What is the value of (11 + -22 - -18) + -9?
-2
Calculate 1 + -2 - (-5 + (6 - 2)).
0
What is 0 + -6 + (-9 - (-7 - 5))?
-3
What is the value of 1 - (8 + 2 - 5)?
-4
What is the value of 4 + (5 + -5 - 4)?
0
2 - (-4 + (4 - 0))
2
Evaluate -3 + 0 - ((0 - 1) + 0).
-2
What is the value of -4 + 3 + -3 - (1 + -1)?
-4
Evaluate 6 + -8 + 5 + 2.
5
What is 2 - (-3 - (-10 - 3 - -5))?
-3
What is -2 + (-3 - -10) + -1 + -1?
3
Evaluate (-2 - -1) + (1 + -1 - 4).
-5
Evaluate -4 + -2 + 4 + 5 - -2.
5
1 - (0 - 6 - -2 - 0)
5
Evaluate 9 - 5 - (2 + (2 - 5)).
5
Evaluate -3 - (-2 + -1) - (-2 + 2).
0
Calculate -30 + 32 - (-1 + 1).
2
Evaluate 19 + -18 - (0 + -6) - 4.
3
Calculate (0 + -11 - -13) + 8.
10
What is the value of 4 + (-6 - 5) + 2?
-5
What is the value of 3 - (6 - 6) - (-2 + 2)?
3
What is 6 + (2 + 1 - 9) + 3?
3
What is the value of (1 - (-3 + 8)) + 2 + 0?
-2
What is -3 + 2 - (-4 + 3)?
0
-6 + -1 + 3 + 5
1
4 + -3 + 2 + -11 - 1
-9
What is the value of 3 + (3 + 0 + -3 - 1)?
2
0 - ((5 + 1 - 2) + -3)
-1
What is -6 - (-8 + 1 - 2)?
3
Evaluate (3 - (-3 + 3)) + 1.
4
(-2 - (-14 - -3)) + (-5 - -4)
8
What is 6 + -8 + (-6 - -2)?
-6
Calculate 1 + (1 - (-3 - -6)) - -4.
3
Evaluate -3 - 0 - (37 - 41).
1
Evaluate 0 + (-2 - -3) + -3 + -3.
-5
Evaluate 11 - 7 - (2 + -2) - 1.
3
Evaluate -3 - (3 + -1 + -1 + -3).
-1
What is 1 - 6 - (-31 + 31)?
-5
2 - -3 - (-34 + 35)
4
Evaluate -1 + 5 + -5 + 1.
0
What is the value of (0 + 0 - 5) + 1?
-4
Evaluate 2 + -2 + 4 + -5.
-1
21 + -16 + 0 + -2 + 3
6
Evaluate (11 - 17) + -1 + 9.
2
Evaluate 10 + -3 + -2 + 0.
5
12 + -8 + 0 + 3 + -4
3
12 + (-12 - -3) + 5
8
What is (5 - 4) + -5 + 2?
-2
0 + (0 - 10 - -17)
7
Calculate (7 - 14) + -10 + 10.
-7
Calculate (-1 - -4) + (-7 - (-15 + 13)).
-2
-15 + 7 + 9 - 6
-5
Evaluate 3 + -8 + 3 + 0.
-2
Evaluate 1 + 3 + -1 + (-9 - 0).
-6
(2 - 7) + 6 + 2 + -1
2
What is the value of 13 + -12 - (2 - 6)?
5
(-9 + 17 - 10) + 0 + 8
6
What is 8 - (-5 - -9) - -1?
5
What is 4 + -6 - 0 - 2 - -7?
3
What is (-1 - 1) + -2 + 6 + -2?
0
What is the value of -23 + 21 + (3 - -1)?
2
What is 6 + -10 + 5 - (0 + -1)?
2
What is -7 + (-5 + 0 - -9) - -3?
0
What is -6 + 4 + -2 + 6 + -6?
-4
0 - ((2 - 5) + (-8 - -8))
3
(4 + -6 + 3 - 6) + 5
0
What is the value of 0 - 7 - (-3 + 6 + -5)?
-5
What is the value of -4 + 8 + -8 + 1?
-3
What is the value of (5 + -10 - -8) + 0 + 3?
6
2 - (-1 - -2 - -4)
-3
1 - (4 + -4) - (17 - 14)
-2
Evaluate 1 - (-3 - (1 - (4 - -1))).
0
What is the value of 0 + -2 + 8 + (3 - 15)?
-6
Calculate 0 + -1 + -2 - (-1 + -4).
2
Calculate 1 + 1 + -5 + 1 - -2.
0
Evaluate -14 - -2 - (2 + -9).
-5
What is 3 + -3 + -1 + -2?
-3
Calculate (-2 - 4) + 4 + 2.
0
Evaluate (-5 - (8 + (-7 - 1))) + -1.
-6
Calculate 4 + (-6 - (-5 + 0)).
3
Calculate -3 - (1 + -2 - -1).
-3
(-12 - -26) + -11 + -12
-9
What is the value of 13 + -4 + 1 + -3?
7
What is the value of (0 - 1) + 1 - 5?
-5
What is the value of (-8 + 6 - 6) + 6?
-2
What is -6 + (-2 - -5 - -2)?
-1
Calculate 5 + -1 - (23 + -18).
-1
1 + 0 + 6 + (21 - 23)
5
What is -1 + (-3 - 3) + (5 - 2)?
-4
1 + -2 - -5 - (4 + 0)
0
Evaluate -3 - (9 - (-1 + 7)).
-6
4 - (0 - (2 - (-3 + 4)))
5
Evaluate (-3 - -7) + -5 + 3.
2
What is the value of -18 + 29 + (-12 - -4)?
3
What is the value of 0 + -4 - -6 - 0 - 6?
-4
Calculate -6 + (6 - (-2 - -4)).
-2
-2 + -1 - (29 - 29)
-3
What is -6 + 1 + 4 + -1?
-2
What is 5 - (6 + -1) - -6 - -2?
8
-2 + 0 + -2 + (-2 - -5)
-1
Evaluate 2 + 1 + (-8 - -14 - 0).
9
What is -10 + (6 - (3 + -1))?
-6
What is (-5 - 1 - -3) + -1?
-4
What is the value of -2 + 0 - (-9 + (6 - -2))?
-1
What is -3 + (-3 + 8 - 8)?
-6
What is 5 + (8 - 10) + 3?
6
What is the value of -6 + (-1 - (-4 - 2))?
-1
Evaluate 2 + (-19 - -4) + 10.
-3
What is the value of 1 - ((-1 - -4 - 3) + -2)?
3
3 - (-1 + (-4 - -6)) - 6
-4
-12 + 25 - (12 + -1)
2
What is (13 - 5) + -8 + -1?
-1
What is -4 - (0 - (-1 + 2))?
-3
-7 - -5 - 13 - -7
-8
Evaluate -2 + -4 + (-5 - -5) + 4.
-2
What is the value of -7 + (18 - 13) + -2 + 0?
-4
What is the value of (-1 - (-3 + 5)) + (-24 - -21)?
-6
Calculate 17 - (-11 + 27 - 7).
8
What is -3 - -2 - (-11 - (8 - 15))?
3
Evaluate 0 + (1 - 1) + 3.
3
Evaluate (-1 - -1 - -3) + (-6 - -8).
5
Evaluate 8 - (1 - (5 - 13)).
-1
What is (15 - 6) + (-3 - 2)?
4
6 - (10 - 5) - -3 - 7
-3
Evaluate 5 + (4 - (9 - 1)).
1
Calculate (-1 - (-1 - 1)) + 2.
3
Calculate (18 - 4 - 6) + -7.
1
Evaluate 1 + 1 - (-7 - 10 - -13).
6
What is the value of 8 - (-2 + (-2 - 1) - -6)?
7
What is the value of 7 + -4 + -6 - -1?
-2
Evaluate -6 - (2 - 9) - -3.
4
What is the value of 12 - -1 - (188 - 174)?
-1
What is the value of 0 + -3 + 5 - (5 + -4)?
1
-1 + -16 + 13 + (-2 - -5)
-1
(3 - (-14 + 11)) + -2
4
4 + 1 + -3 + -2
0
What is the value of -3 - -5 - (2 + 2 + -1)?
-1
What is the value of 8 - ((-4 - -5) + -7 + 10)?
4
Calculate -4 + (5 - 2 - 0).
-1
Calculate 8 + -6 + 0 - -3.
5
What is the value of -8 + (13 - (2 + 7))?
-4
(-3 - 2) + 1 - -7
3
What is the value of (11 - (-2 + 11)) + -1 + 2?
3
What is the value of (-15 - -2) + -4 + 22 + -13?
-8
What is the value of -1 - (0 + (-1 - 2) + 0)?
2
2 - -2 - (21 + -16)
-1
Calculate -3 - (6 - (3 + 5 + -4)).
-5
Calculate 0 + 12 - (6 + (5 - 5)).
6
Calculate 2 - ((4 - (0 + 5)) + 5).
-2
-2 + 22 + -11 + 2
11
(-14 - -13) + 2 + 0
1
What is 2 + (2 - (5 - (5 - 3)))?
1
Calculate -2 + 0 - (0 - (-3 + 3)).
-2
What is the value of (-18 - -10) + (3 - 0)?
-5
What is the value of -1 + 6 + -9 + 1 - -2?
-1
(9 - (0 + 9 + -6)) + -7
-1
Calculate -15 + 9 - 3 - (-1 - 2).
-6
Calculate 2 + (0 - 3 - -3).
2
What is 7 - (6 - (-1 + -1))?
-1
Evaluate -57 + 54 - (1 - (-1 - -1)).
-4
3 - 0 - (1 + 6)
-4
2 + (-9 - 2 - -3) + 1
-5
What is the value of -7 + (12 - (-12 - -17))?
0
